+ 9))?
-7
-3 + (2 - 0) - (0 + 2)
-3
Calculate 10 + -6 + (-1 - (0 - -2)).
1
Calculate (-2 - (2 - 5) - 1) + 1.
1
What is the value of (6 - 1) + (-16 - (-7 + 1))?
-5
-2 - -3 - -3 - (2 - -1)
1
Evaluate (2 + -4 - -5) + 4.
7
-8 + 1 + -3 + 5
-5
(1 - -13 - 7) + -2
5
What is the value of -4 + (4 - (-6 - 0)) - 4?
2
Calculate (2 + (3 - 0) - 4) + 5.
6
-1 - -7 - (3 + -1)
4
Evaluate -5 - (-3 + 4 + 0 + -3).
-3
(0 - (4 - 2)) + -1 + 3
0
What is (1 + 1 - 0) + 3 + -4?
1
Calculate 49 + -46 + -1 + 2 + -7.
-3
What is the value of 0 - -6 - 3 - (4 - 3)?
2
What is the value of (-7 - -20) + -8 + -13?
-8
Evaluate 9 - -21 - 17 - (3 + 0).
10
Evaluate (-2 - -14) + -5 + -4.
3
What is 11 + -5 + -11 + 7?
2
What is (7 - 1 - 5) + 5 + -3?
3
What is the value of 1 - (-4 - -2 - 2)?
5
Evaluate -37 + 27 + 4 + 0.
-6
2 + -5 + -2 + 6 + -3
-2
What is the value of 6 - (5 - (-7 + 10))?
4
Evaluate -4 + 11 + 1 - 3.
5
Evaluate 8 + -10 + -2 + (-1 - -3).
-2
What is the value of (-29 - -36) + (1 - 11)?
-3
Evaluate (8 - 5) + (-3 - 4).
-4
What is -38 - -41 - (2 + 1)?
0
1 + (-7 - -7) + 2 + -5
-2
What is the value of -7 + (-5 - (-5 + -2)) + 2?
-3
What is (5 - 12 - -3) + 2?
-2
What is the value of 12 - (-5 - -5 - -11)?
1
What is -2 - (12 + -11 + 2)?
-5
8 - 10 - (0 + -2)
0
7 + -8 - (4 - 2)
-3
(-27 - -20) + (3 - 1)
-5
Evaluate -3 + 7 + 1 + -12 + 9.
2
What is the value of 7 - 8 - -3 - 0?
2
What is the value of (-8 - 1) + (-13 - -7 - -10)?
-5
Calculate -1 - (1 - 0) - -4.
2
(-1 - 1) + -9 + 10 - 1
-2
Evaluate 0 + 4 - (34 - 28).
-2
Calculate -3 - (3 + -6 + 6).
-6
Calculate (5 - 2) + (-5 - (5 - 4)).
-3
-3 + -5 + 6 + 2 - 1
-1
Evaluate 8 - (3 - (-7 + -3)).
-5
-1 + (-5 - -4) + -4 - -1
-5
What is -4 + 5 - (3 + -3 - -1)?
0
What is the value of 3 + 4 + -4 - 0 - 8?
-5
Evaluate 0 - (0 + 6) - (1 - 1).
-6
What is 4 + 0 - (40 - 43)?
7
What is -6 - (-7 + 6 + -4)?
-1
What is the value of -4 + (-1 + -2 + 2 - -3)?
-2
-8 + 12 - (0 + -1 + 0)
5
What is the value of 19 + -22 + (1 - 1)?
-3
What is 1 - ((21 - 24) + (-1 - -12))?
-7
Calculate (4 - (0 + 5)) + 1.
0
What is (17 + -15 - -6) + -4?
4
(14 - 6) + 13 + -15
6
What is -4 - (6 + -1 - 4) - 5?
-10
Evaluate 0 + -1 - (4 - 4).
-1
What is the value of -13 + -7 + 9 + 6?
-5
Evaluate -2 + 3 + 0 + 2 - 3.
0
What is the value of -7 + (-4 - (-7 + -3 - -4))?
-5
What is the value of (-1 - (-6 + 2)) + -4?
-1
Calculate -1 - (-4 + 1 - -1 - -1).
0
Evaluate 9 + (-1 - -1) + -1.
8
Evaluate (4 - 9) + -5 + 4.
-6
Calculate 1 - (5 + -5 + -4 + 3).
2
What is the value of 4 + (-10 - -5) + 0?
-1
Calculate 0 + (1 + 1 - 7).
-5
Evaluate (-2 - -2) + (4 - 2) + 1.
3
Calculate (1 + 2 - (10 - 10)) + -2.
1
Calculate (-11 - (-2 - 0)) + 6.
-3
Evaluate 1 + (-6 + -7 - -4).
-8
-3 - (0 - 7) - 1
3
What is the value of 0 + (3 - (-2 + 5)) - -1?
1
Evaluate (-3 - -6) + -5 - -3.
1
Evaluate -7 - (-4 + 5 + -8).
0
What is -1 + 0 + 0 + (197 - 197)?
-1
(0 - -1 - (2 - 2)) + -8
-7
What is the value of -9 + (5 - (-1 - (-4 + 0)))?
-7
Calculate -2 - (3 - 0 - 8).
3
12 - (16 - 12 - -8)
0
Calculate (-3 - -7) + -8 - (1 + -2).
-3
0 + -2 + (-2 - -4) + 4
4
What is the value of -1 - 0 - (11 + -11 + -6)?
5
Calculate -6 - (-5 + 0 + 0).
-1
(3 - 0 - (-1 + 2)) + -3
-1
Evaluate 1 + 1 - (-1 + -2).
5
What is the value of -4 + 1 + -4 + 12?
5
Evaluate 0 + -2 + (-3 - -2) + -2.
-5
-1 - (1 + -5) - (1 + -2)
4
Calculate -80 + 96 + (-5 - 2).
9
Calculate 0 - (-4 - 0 - -2).
2
1 + 1 + (4 - 5) + -3
-2
Evaluate 11 + -7 + (4 - 6).
2
Calculate (1 - (-8 - -6)) + -3.
0
Evaluate 3 - -2 - (12 - 10).
3
What is 2 + (-2 - 3) + -1?
-4
5 - (1 + 3) - 6 - -1
-4
-10 - (-4 + -1 + 1)
-6
5 - (-2 + 20 + -6 + 1)
-8
Evaluate (-1 - -7) + (137 - 137).
6
-12 + 13 + 0 + (1 - 4)
-2
What is the value of -7 - -8 - ((-3 - -6) + -3)?
1
Calculate (-7 + 4 - (-2 - 3)) + -3.
-1
-1 - (-2 + -8) - (-3 + 5)
7
Evaluate -2 + 1 + 1 + 0.
0
What is -2 - (0 + -5) - (4 + 0)?
-1
What is 11 - (10 - -6 - 7)?
2
What is the value of 46 + -41 + -13 + 0?
-8
What is 2 + 1 + 0 + 1 + 1?
5
What is -1 - -5 - 16 - -8?
-4
(0 - 4) + (-3 - -12)
5
What is the value of (2 - 3) + 3 + -1?
1
What is -19 + 20 - (6 - (2 - 0))?
-3
What is -7 - ((10 - 4) + -6)?
-7
Calculate 13 - (4 + 8) - 6.
-5
(-10 - -3) + (5 - 0)
-2
Evaluate -5 - -2 - 0 - (0 - 2).
-1
What is the value of 2 - 9 - (7 - (24 - 20))?
-10
What is the value of 18 - 13 - (5 + -6 + 2)?
4
Calculate 0 - ((-1 - (3 - 0)) + 3).
1
What is the value of 1 - -4 - (-27 + 27)?
5
Evaluate 6 - (0 + 7) - -5.
4
Calculate -5 + (-3 - -3) + 2.
-3
Evaluate (20 + -16 - (1 + 4)) + 0.
-1
What is the value of -1 + -2 + (2 - 0)?
-1
What is the value of 2 + -1 + 0 - 3?
-2
Evaluate -15 + 4 + 11 + -6.
-6
Evaluate 5 + (-12 - -13) - (2 + 3).
1
What is the value of 5 + 6 - (8 - 2)?
5
0 + (-3 - 1) + 0
-4
What is 2 + 0 - 1 - -2?
3
What is (-1 - (-3 - (-2 - 0))) + -1?
-1
Evaluate 2 + -3 + -2 + (2 - 2).
-3
Evaluate (-13 - -25 - 0) + -8.
4
Calculate 11 - (-17 - -8 - -10).
10
What is the value of 6 + (-5 - -9 - (3 - 0))?
7
Calculate 1 + -1 - (2 - (1 - -4)).
3
What is -9 - (-8 - -9) - -6?
-4
-10 + (1 - -3) - -5
-1
10 + -1 + (-25 - -9)
-7
What is the value of (-8 - -5) + (2 - 1 - 1)?
-3
-1 + 0 + (-3 - 1) + -2
-7
1 + -3 + (-7 - -2) - -2
-5
Evaluate 6 - (-2 - -4) - (-1 - -5).
0
What is the value of (6 - (2 + (-6 - -11))) + 6?
5
Calculate 2 - (5 - (-3 + 7)) - -3.
4
-1 - (-1 - (-9 + 1))
-8
-2 - (2 + -1) - 1
-4
8 + 3 + -3 + -10
-2
What is (9 - 2 - 3) + -5?
-1
What is -1 + -20 + 12 + 8?
-1
What is the value of (1 - 6) + (5 - -7) + -1?
6
(-1 - (-1 + -3)) + (-4 - -2)
1
Calculate -5 - ((0 - (-7 - -25)) + 5).
8
What is 3 + 1 - 5 - -1 - -3?
3
Evaluate (-47 - -54) + -5 + 2.
4
What is the value of 22 + -15 + 8 + 0 + -5?
10
-1 + -1 + 6 - (17 - 8)
-5
(5 - 4) + 5 + -5
1
4 + -3 + -3 - 2 - -6
2
(2 - 1) + -2 - (-35 + 29)
5
9 + -3 - 2 - (-1 + 3)
2
What is the value of -2 + 2 - 0 - 2 - 2?
-4
What is -4 + 5 + 4 + -1?
4
What is -2 + 3 + (4 - 5)?
0
0 + 5 + (-14 - (-5 - -4))
-8
Evaluate (17 - 0) + -12 + -2 + 0.
3
Calculate -4 + (-3 + -2 - -6) + 8.
5
Calculate -2 + 3 + 3 + -1.
3
What is 1 + -6 - (6 + -4)?
-7
What is the value of 7 + -1 + 0 - (0 - 0)?
6
Calculate 8 - 3 - (2 + -2).
5
Calculate (-1 - -4) + 6 + -7 + 2.
4
What is the value of -4 + 5 + -3 - -7?
5
What is 4 + (0 - -1 - 0) + -9?
-4
Calculate 0 + (1 - 0) + -6.
-5
What is -17 + 15 + (-1 - 0)?
-3
(159 - 151) + -1 + 0
7
What is (-2 - -4) + 1 + -14 + 8?
-3
Evaluate -14 + -3 + 11 + 3.
-3
Evaluate -7 - 2 - (-8 - 0).
-1
Calculate -4 + 4 - 2 - 3.
-5
What is the value of 5 + -2 + -1 + -4?
-2
Calculate -12 + 8 + (8 - -2).
6
Calculate -5 + 10 + -1 + 5 + -14.
-5
Evaluate 0 + 2 + (0 - 7) + 10.
5
Evaluate (-54 - -60) + (4 - 2).
8
What is 2 - (8 - (6 + -3))?
-3
Evaluate 7 + -2 - -1 - (22 + -20).
4
Evaluate 9 - (12 - (9 - 1)).
5
Calculate -2 + 5 + 2 + -1.
4
Calculate (-2 - 5) + 15 + 3 + -14.
-3
Calculate -1 + 5 - 6 - -1.
-1
What is -1 - (2 - 3 - -4)?
-4
Calculate -59 + 67 + 1 + (-8 - -2).
3
Evaluate 5 + (-4 + 1 - (-6 - -4)).
4
What is the value of 27 + -21 - ((-2 - 0) + 14)?
-6
Evaluate -3 + (1 - 2) + 4.
0
What is the value of 1 + 6 - (28 - 29) - 0?
8
Calculate 2 + -21 + (0 - -10).
-9
Calculate 5 + (2 - 15) - -3.
-5
2 - (-1 + -2) - 3
2
Evaluate (-5 + -1 - -5) + 1.
0
What is -10 + -3 + (-5 - -8)?
-10
Evaluate 2 + -4 + (-2 - -4 - 0).
0
Calculate 7 + -4 + -14 + 7.
-4
Calculate (-3 - 3) + 12 + -9.
-3
What is -1 + -3 + (-3 - -6)?
-1
Calculate -10 + (7 - 0 - (-28 + 31)).
-6
7 + -1 + -69 + 69
6
What is the value of 4 + 1 + -3 - 0?
2
Evaluate 0 + -1 - (22 - (0 - -21)).
-2
Evaluate 5 + (3 - 5 - 0).
3
-5 - -5 - (-3 + 6)
-3
Calculate -6 + (-1 + 0 - (-3 - 1)).
-3
What is (9 - 12) + -2 + 7?
2
Evaluate (-5 - -2) + (0 - (6 + -11)).
2
Calculate -8 + (5 - 10) + 11.
-2
69 + -48 + (-6 - 1) - 3
11
What is 6 - ((-1 - -5) + 1)?
1
6 - ((-6 - 0) + 6 + 6)
0
What is 1 + 1 + (-1 - -1) - 5?
-3
Calculate 5 - 10 - (1 - 7).
1
What is 2 + 2 - (0 + 1)?
3
What is 39 - 45 - (-11 + 2)?
3
Calculate -7 + 6 - -1 - 5.
-5
What is 269 + -269 - (0 - 6)?
6
What is 2 + -3 + (13 - (8 + 2))?
2
What is (0 - 4) + -9 - -9?
-4
What is 94 - 101 - (1 - 2)?
-6
Calculate 12 + -9 + -1 + (2 - 4).
0
Calculate -5 - (-1 + -6 + 4).
-2
Calculate -19 + (16 - (10 - 5)).
-8
What is the value of -7 + -5 + 5 + 4?
-3
What is 2 + 5 - (-3 - -11)?
-1
What is the value of -2 - (2 - -3 - 3)?
-4
What is the value of 1 + (-4 + 0 - -4 - -3)?
4
-1 + -1 + 4 + -8
